49 + 357 + -7 + (2 - 1).
2
What is -25 + -6 + 54 - 33?
-10
What is 2 - (-20 - -3) - (10 - -20 - 38)?
27
(-7 - (5 + -14)) + (4 + 4 - 0)
10
What is (-7 - (-3 + -17)) + (-1 + 2 - 2)?
12
What is the value of -9 - -9 - (0 + -7 + 69 + -65)?
3
What is -84 - -93 - (3 + 3)?
3
What is the value of -4 - -6 - 7 - (-221 - -228)?
-12
Calculate -20 + 8 - 0 - -15.
3
Evaluate (41 - (9 - -4)) + (2 - 15).
15
Calculate (13 - (17 - -13)) + (7 + -2 - 1).
-13
Calculate 18 - (-4 + -5 + (4 - (-10 - -8))).
21
74 + -36 - (14 + 41)
-17
Calculate 17 - (30 - (13 - -3)).
3
4 + -25 + 0 + -16 + 26
-11
What is 15 + -1 + (869 - 890)?
-7
Calculate 31 + (8 - 1 - 32).
6
What is 16 - (1 - (-2 + 1) - 11)?
25
-9 + (-4 + 5 - -11)
3
Calculate (-3 + 2 - 14) + (26 - 13).
-2
Evaluate (-30 - -13) + (8 - 2).
-11
Evaluate -7 + 1 - (5 - (-9 - (-5 + -1))).
-14
-6 - 1 - (-8 + -5) - 3
3
-2 + 16 + (11 - 2) + (19 - 32)
10
What is the value of 2 - -27 - (127 - 103)?
5
Calculate 31 - ((17 - 18) + 15).
17
-23 + -11 + (27 - -3)
-4
What is -9 + (-22 - -73 - 20)?
22
What is (0 + 10 - 16) + (6 - -1) + -5?
-4
Calculate -4 - (-1 - 4 - (0 - (-24 + 13))).
12
Calculate 15 + 6 + -3 + -1 + 1 + -9.
9
(0 - 0) + (-2 - -1 - (0 + -7))
6
What is -1 - ((3 - 1) + -5) - 1 - 0?
1
What is -4 + -35 + 25 + (4 - 0) + 11?
1
Calculate -31 + (14 - 6) - -8.
-15
What is 5 - 13 - -22 - (0 + 11)?
3
Calculate -32 + -1 + (-14 - -27) - 1.
-21
Calculate (-13 - -1) + (194 - 192) - (2 + -10).
-2
-10 - (-16 + 1 + 9 + -2)
-2
What is -31 - (-18 + -17) - -8?
12
26 - (17 + 21 - -18)
-30
What is the value of (13 - 32) + 32 + -13?
0
Evaluate -11 + (54 - 17) - (-5 + (-1 - -12)).
20
What is the value of -6 + (-5 - -10) + 24 + (-2 - -6)?
27
Calculate -8 + 16 + 4 - 20 - (-9 + 2).
-1
(8 - 2) + -1 + 4 + -20
-11
-1 - (-10 + 8) - -3 - 11
-7
3 + -1 - (23 + -42 + 20) - -6
7
-23 - -20 - (-11 + 2 + 0) - -3
9
What is -4 + -2 + (-7 - -13) + 4?
4
3 + (0 - (-9 - -4))
8
Evaluate -2 - (-25 + (13 - (-11 + 16))).
15
Calculate -62 + 34 - -43 - (3 - -8).
4
What is the value of -6 + 1 + 0 + 11 + 2014 + -2021?
-1
Evaluate 3 - (-8 + -2) - 21.
-8
What is the value of 24 + (-21 - (9 + -21)) + 9?
24
14 + -21 + -5 + 21
9
Evaluate 14 + (2 - 16) + (0 - -8) + -2.
6
What is (0 - 1) + 2 + (29 - 19)?
11
(-42 + 37 - (-10 + 1) - 47) + 5
-38
Evaluate 8 - ((0 - 2) + 0 + -6 - -23).
-7
What is the value of (0 - 11 - -6) + -4 + (-28 - -19)?
-18
Evaluate -4 + (2 - (-8 - 0 - (1 + -9))).
-2
What is the value of (21 - 21) + -1 + 4?
3
-4 + 16 + -10 + 1 + 1 + -4
0
Evaluate -3 + 0 - (7 - ((12 - 2) + -16)).
-16
What is 13 + -9 + (-20 - (-17 - -9))?
-8
What is -84 + 71 + 4 + 0 + 2?
-7
Evaluate 0 - (0 + 2) - (3 - (6 - -8)).
9
What is the value of (2 - 34 - -19) + 0?
-13
What is the value of (5 + (-9 - -3) - (9 + 3)) + 8?
-5
Calculate -6 + (27 - 21) + 5.
5
What is the value of -14 + -13 + (-2 - 3 - (4 - 12))?
-24
What is -8 + 22 + (9 - 21)?
2
What is the value of (-23 - 0) + (154 - 140)?
-9
-14 - ((-3 - -18) + -10 - 34)
15
11 + -3 + -7 - 0
1
What is the value of -56 - (-18 - -3) - -21?
-20
What is the value of (7 - ((-9 - 0) + (12 - -6))) + 1?
-1
What is 8 - (-3 - -15 - -5)?
-9
Evaluate 2 + 2 - (-16 + (-8 - -36)).
-8
Evaluate 3 + 2 + -6 + -6 + -5.
-12
What is the value of 11 - (-1 + 17) - -13?
8
What is -27 + 33 + (-2 + 5 - 11) - 9?
-11
Evaluate 45 + 9 + -40 - 11.
3
(0 - (-3 - (6 - -3))) + -4
8
What is the value of 36 + -9 + (-22 - -4 - -7)?
16
What is (-688 - -694) + (-2 + 3 - 3)?
4
What is the value of (-135 - -130) + (2 - (3 + -2))?
-4
Calculate -52 + (-2 - -20) + (-12 - -11).
-35
Evaluate (4 + 7 - 16) + -6.
-11
Evaluate -20 + (11 + -17 - -8).
-18
Calculate 0 - (-2 - -3) - -8 - 6.
1
What is the value of 23 + -7 + (5 - 1 - 5)?
15
2 - 6 - (-22 + 4 + 10)
4
8 + (-7 - -7) + 10 + 0
18
Evaluate 25 + (5 + -27 - -10).
13
Calculate (0 - 0) + 1 + 10 + -13 + 8.
6
-3 + -6 + (8 - 0)
-1
Evaluate -26 + 2 + -9 - -22.
-11
Calculate -3 + 8 - (-212 + 197).
20
What is the value of (3 + -2 - -2 - (-15 + 12)) + 1?
7
What is the value of 96 + -109 + (2 - 3) + -2?
-16
(7 - (-2 + 18)) + (5 - (0 - 1))
-3
What is -4 - (3 + -2 + -4 + 10)?
-11
Calculate (-12 - -25) + -20 - 13.
-20
Calculate -11 + (-9 - (0 + -28)) - -2.
10
What is -1 - (1 + 8) - (58 + -66)?
-2
What is the value of 6 + 1 - (-153 + 149)?
11
Evaluate -11 + (30 + 11 - 24).
6
What is the value of -8 + 42 + -7 + -20 + 5?
12
Calculate 33 + -41 + 8 + 32.
32
What is (-38 - -26) + 12 + -5 + 0?
-5
What is (0 - -10) + 0 + -34 + 375 + -349?
2
Evaluate (-5 - -39 - 85) + (2 - -15).
-34
What is 8 - -3 - (69 + -46)?
-12
What is the value of -34 + 15 + (31 - 13)?
-1
What is 8 + (-1 - ((-6 - (6 + -9)) + 6))?
4
What is the value of 35 + (28 - 43) + -17?
3
What is (-8 - -1) + (-49 - -51 - (5 - 1))?
-9
(-7 - -2) + (28 - -6 - 34)
-5
What is the value of (-4 - -5) + (12 - 15)?
-2
What is the value of -7 + -7 - (-11 + 1)?
-4
(-16 - (-1 - -3)) + 184 + -177
-11
What is the value of -44 - -23 - (-15 - -2)?
-8
-332 + 339 - (0 - -11)
-4
-15 + 3 + 0 + 8 + -8
-12
Calculate -2 + -9 + 2 + -2 + -8.
-19
What is the value of 4 + 22 + -22 - (-19 - (-1 + 4))?
26
-1 + (18 - (-23 + 7 + 26))
7
Evaluate 853 - 842 - (8 + (6 - 3)).
0
0 - (-10 + (2 - (7 + -7)))
8
Evaluate 15 + 11 + -3 + 16 - 7.
32
What is -53 + 57 - (-2 + 2 - (1 - -10))?
15
What is the value of 0 - ((-1 - -1) + -4 - -7)?
-3
What is the value of 1 + (-1 - -2) - (21 - -10 - 27)?
-2
Evaluate (5 - 9 - 4) + (2 - 0 - 1).
-7
Calculate (-28 - (-26 + 15)) + 19.
2
What is (5 + 2 - (-14 + 17)) + (17 - 0)?
21
Calculate 16 + -47 + 31 - (18 - 1).
-17
Calculate -1 + (-15 - (-35 + 6)).
13
(0 - 0) + (117 - 105)
12
What is the value of 56 + -111 + 60 - (1 - 8)?
12
Evaluate (-1 - (-18 + 28)) + 11.
0
Evaluate 1 + -34 + (253 - 235).
-15
Calculate 6 + (11 - (-8 + 14) - (7 - 1)).
5
What is 32 + -33 + -4 + 0?
-5
What is 13 - (1 + -1 - -5) - 1?
7
1 + -19 + (-4 - (-4 - -4)) + 0
-22
Calculate -17 + 14 + 2 + 4 - 17 - -9.
-5
What is the value of (0 - 6 - 6 - -4) + -4?
-12
What is 5 + -3 - (-3 + 12 + -18)?
11
Evaluate 17 + (5 - ((14 - -3) + -7)).
12
(15 - 0) + -1 + 19 + -10 + -11
12
What is 22 - (28 - 18 - 9)?
21
Calculate -5 - ((-1 - -6) + (8 - 15)).
-3
What is 27 - (1 - 13 - -26)?
13
Evaluate (6 - 6 - 7 - -12) + 1 + -2.
4
-14 + 15 + -5 + 0
-4
What is -6 + 0 - (-3 + 1 + -1 - -7)?
-10
What is (-26 - (23 + -31)) + 1?
-17
What is the value of (20 + -3 - 3) + -142 + 127?
-1
-4 + (12 - 11) + 8
5
What is (1 + 1 - -4) + -15 + -1?
-10
What is the value of 6 - (42 + 32 + -30)?
-38
What is the value of 2 + -6 + (3 - -4) - -1?
4
What is the value of -2 - 10 - (-62 - -49) - (-13 + -1)?
15
(8 - -3 - 23) + 3 + -3
-12
What is 8 - 0 - (3 + (-19 - (-3 + -3)))?
18
Calculate 5 + 4 + (-5 + 2 - (-16 + 11)).
11
Evaluate 6 + (7 - -2 - -17) + -10.
22
What is the value of -41 + 39 + (-35 - -13) - (-1 - 1)?
-22
What is the value of -21 + 2 + 12 - -5?
-2
(20 - (44 + -12)) + 1 + -1
-12
(14 - 7) + -12 + 4 - (-3 + -3)
5
Calculate 5 - (-11 + 8 + 15).
-7
Evaluate (13 - (21 - (12 - -2))) + (-2 - -1).
5
What is the value of 1 + -1 + 3 - (-1472 + 1488)?
-13
Evaluate (-16 - -26) + (-15 - -7 - -3 - 13).
-8
What is the value of (9 - (6 - 3)) + -1 + -14 + -9?
-18
Evaluate (-9 - -5) + 19 + -2.
13
Calculate (4 - 3) + 1 + (4 - (1 + 2)).
3
What is the value of 2 - -1 - (2 - -4 - (-1 - -16))?
12
What is 43 + -40 + -13 + -21?
-31
Calculate 2 - (-4 - -13 - 27).
20
21 + -8 + -17 + 0 + -8
-12
What is 0 + -5 - (248 - 246)?
-7
What is 3 + 29 + -12 + -6?
14
(20 - (1 + -3)) + (-12 - (-9 - -4))
15
((20 - 3) + -13 - -4) + 16
24
Calculate -1 + 4 + 3 - (-1 - -15).
-8
5 + 1 + (-17 + 30 - 21)
-2
Evaluate -2 + 2 - (131 + -139 - (1 - 34)).
-25
Evaluate 0 - -18 - (-344 - -345).
17
What is 16 + -20 + -1 + -3 + 0?
-8
What is 3 - 9 - (5 + 7 + -10 - 15)?
7
2 + -9 + 2 - (-11 - 5)
11
What is the value of -13 + 2 + 1 - (-38 - -36)?
-8
What is (37 - (-1 - -12)) + -15?
11
Calculate (4 - -2) + -10 - (-27 + -9 + 7).
25
What is the value of (-16 - (-24 - -8 - -2)) + -1 + -10?
-13
Evaluate 6 - 10 - ((0 - -3) + 7).
-14
Evaluate 1105 + -1135 - (-52 - 0).
22
-9 + (-3 - ((-1 - 4) + 2 + 3))
-12
Evaluate (-2 - -2) + -4 + (-7 - -2 - -18).
9
Evaluate (0 - -12) + 2 + -14 + 6 - 3.
3
What is the value of (-2 - 14) + 16 + -6 + (-16 - -10)?
-12
Evaluate 10 - -21 - -16 - 30.
17
Evaluate 19 + 21 + -57 + 6.
-11
What is the value of 16 + -3 - (26 -